d - 66. Suppose d*x = 25*x + 2688. What is the hundreds digit of x?
4
Suppose 3*y + 5*z - 3138 = 0, 0*y = y + 4*z - 1039. Let w = y - 629. What is the units digit of w?
2
Let x = -810 - -371. Let i = 769 + x. What is the hundreds digit of i?
3
Suppose 4*q - 6042 - 5458 = -3*w, -2*w = 0. Suppose 0 = -20*f + 15*f + q. What is the tens digit of f?
7
Let v = 116 - 122. What is the units digit of -5 + (11970/v)/(-7)?
0
Let w = 303 - 230. Let y be -33 + 0/(-1) - -2. Let h = w + y. What is the units digit of h?
2
Let x(u) = 17*u - 13*u**2 - 10*u**2 + 22*u**2 + 18. Let s be x(18). Suppose -11*z + 4*z + 1253 = s. What is the hundreds digit of z?
1
Let u = -44 + 57. Suppose u*m + 32 = 2840. Let o = m - 47. What is the units digit of o?
9
Let k be (2 - 11/6)/(51/306). What is the hundreds digit of (-43)/(-2)*32*k?
6
Let z(r) = -r**3 + 6*r. Let a be z(-3). What is the hundreds digit of 512 + -4 + a + -6?
5
Let m be 4 - (-1)/((4/8)/1). What is the tens digit of (108/30 - m)*-190?
5
Suppose 916 = 11*l - 1196. Let u = l - 105. What is the units digit of u?
7
Suppose 2*b - 3904 = 3*h - 42658, b = -h + 12923. What is the ten thousands digit of h?
1
Let s = 189 + 6208. What is the units digit of s?
7
Suppose 9 = -2*w + 3*g, -3*w + 3*g + g = 11. Suppose w*j = 7*q - 5*q - 125, j + 45 = 4*q. Let b = j - -101. What is the tens digit of b?
6
Let k(u) = -5*u**2 + 2*u. Let s be k(1). Let a(t) = -3*t**3 - 4*t**2 - 2*t + 7. What is the units digit of a(s)?
8
Suppose -4*p - 2*p = -66. Suppose 5*w = -5*g + 1940, g + 10*w = p*w + 390. What is the tens digit of g?
8
Let k(l) = -4*l**3 - 8*l**2 - l - 2. Let z = -62 + 56. Let i(d) = -9*d**3 - 17*d**2 - 2*d - 5. Let s(u) = z*i(u) + 13*k(u). What is the units digit of s(3)?
7
Suppose 2*l - 40642 = -5*h + 28908, 3*h - 3*l = 41751. What is the tens digit of h?
1
What is the thousands digit of 1430037/27 - (-8)/12?
2
Suppose u + 37 = m + 690, -5*u - 653 = m. Let x = m - -1185. What is the tens digit of x?
3
Suppose 90*x + 158*x = 22816. Let a be -1*((-2)/(-2) + -60). Let y = x - a. What is the units digit of y?
3
Let u(w) = w**2 + 9*w - 9. Let o be u(-10). Let m be (o - 2) + 25/5. Suppose -2*h - 3*c + m*c = -36, h + c = 21. What is the units digit of h?
9
Let n be 2/11 - (-455)/(-143). Let d be ((-6)/9)/(120/54 - 2). What is the hundreds digit of n*1*d/(36/596)?
1
Suppose -1 = -v, -4*v = 2*i + v - 21. What is the hundreds digit of (-3636)/(-32) - (-3)/i?
1
What is the units digit of 2/24 + (-45234)/216*-7?
6
What is the units digit of 4/(16/1541) + (-11 - 517/(-44))?
6
Suppose -4*o = 12, -5*c - 37*o = -32*o + 115. What is the tens digit of c/(-150)*10*1497/4?
9
Let p(x) = -x**2 - 3*x + 15. Let n be p(-6). Let h be (12/36)/(1/n). What is the tens digit of -1 - 2*-66 - h - -2?
3
Let q = -2025 - -3079. What is the hundreds digit of q?
0
Suppose -5*a - 3*n = -14904, -a + 21*n + 2980 = 22*n. Suppose -118*o = -112*o - a. What is the tens digit of o?
9
Let j be ((-201)/9)/((-7)/21). Let m = j - -410. What is the hundreds digit of m?
4
Let x be (-1)/((-5)/1460*-4). Let u = x - -159. Suppose -4*z = -u - 102. What is the tens digit of z?
4
Let v = 52015 - 36057. What is the ten thousands digit of v?
1
Suppose -5*t - 19*d = -17*d - 40414, 4*t - d - 32339 = 0. What is the hundreds digit of t?
0
Let x be (-4 + (-45)/(-10))/((-1)/8830). What is the units digit of 1/(-3) - x/(-15)*-1?
4
Suppose -5*o + 2*z + 8 = -6*o, 0 = -3*z - 12. What is the tens digit of (-40200)/(-70) + 2/(-7) + o?
7
Suppose 2*i = -10, -2*u = -0*u + 5*i + 1029. Let b = u + 906. What is the tens digit of b?
0
Let r be 1/((-1)/2010) + 5 + -3. Let i = r + 2812. Suppose 59*p = 56*p + i. What is the hundreds digit of p?
2
Let j be 5*1/(-4)*-332. Let i = 12492 + -12731. Let f = j + i. What is the hundreds digit of f?
1
Let r = -56751 + 87760. What is the tens digit of r?
0
Let o = -246 + 260. Suppose -o*a + 4228 = -17920. What is the units digit of a?
2
Let t(d) = -21*d**2 - 2. Let s be t(-2). Let g = -75 - s. Suppose -3*w + g = -73. What is the units digit of w?
8
What is the units digit of 14069 + 1 + 0 - (-7 - -16 - 14)?
5
Suppose 113 = s + s - 3*p, -88 = -2*s - 2*p. Suppose -37*b - 7404 = -s*b. What is the units digit of b?
7
Let u be ((-854)/21)/(10/(-15)). Let h = u + 499. What is the tens digit of h?
6
Let y(i) = -5 - 11*i - 2*i**3 - 9*i - 11*i**2 + 2*i**3 + i**3. What is the tens digit of y(14)?
0
Let t(u) = -u**3 + 6*u**2 - 11*u - 6. Let z(r) = r**3 - r**2 - 1. Let j(m) = t(m) + 4*z(m). What is the tens digit of j(5)?
6
Let t(j) = -85*j + 5. Let q be t(-1). Let k be ((-36)/q)/(1/(-650)). Suppose k = 9*a - 145. What is the tens digit of a?
4
Let c(v) = -121*v + 9. Let t(i) = -81*i + 6. Let n(q) = 5*c(q) - 8*t(q). Let s = 466 - 462. What is the tens digit of n(s)?
6
Let d(b) = -2*b + 52. Let m be d(21). Suppose 8*w - m = 3*w. Suppose -43 = w*c - 209. What is the units digit of c?
3
Let f = 209 + -94. Let y(w) = -6*w + 55. Let v be y(-17). Suppose v = 2*n - f. What is the tens digit of n?
3
Let k be -1*-5*(1202 + -7). Suppose 14*j = 3993 + k. What is the units digit of j?
2
Let n(h) = -h - 35*h**3 + h**3 + 4 - 6. Let t be n(2). Let a = t - -450. What is the tens digit of a?
7
Let t = 14 - 64. Suppose -32*c + 54 = -35*c. Let b = c - t. What is the units digit of b?
2
Let s = 18 + -8. Suppose i - s = 7*f - 3*f, 0 = 5*f + 10. Suppose 5*t + 6*j = i*j + 427, -3*t + 3*j + 267 = 0. What is the units digit of t?
7
Suppose 0 = -5*g - g + 1176. Suppose l - g = 5*l. Let t = -39 - l. What is the units digit of t?
0
What is the units digit of ((-224)/84 - -4) + 21095/3?
3
Let q(d) be the third derivative of 0 + 7*d**2 + 1/24*d**4 + 0*d + 40/3*d**3. What is the tens digit of q(0)?
8
Let q(v) = -21*v + 20. Let d(s) = -7*s + 7. Suppose -6 - 18 = -4*z - 4*j, -3*z - 4*j = -20. Let p(a) = z*q(a) - 11*d(a). What is the units digit of p(-3)?
4
Suppose -2*a + 3*w = -74576, 5*a - 4*w - 154738 = 31688. What is the units digit of a?
2
Suppose -q + 12 = 4*n, -4*q - 3 = -n + q. Suppose -17 - 61 = -n*r. What is the units digit of (r/28 - 3/7)*422?
1
Suppose -20*j - 36 = -32*j. Suppose 0*q + q = -f, q = f + 8. Suppose 0 = r - j*v, r + 0*r + 2 = q*v. What is the units digit of r?
6
What is the tens digit of (-2 - 378)*(-4784)/64*2?
1
Let j(g) = -g**3 + 19*g**2 - 2*g + 6. Let m be j(19). Let q = 30 + m. What is the tens digit of (12480/(-364))/(0 - q/(-14))?
4
Let q(y) = -2*y**3 + 147*y**2 + 366*y + 109. What is the tens digit of q(71)?
0
Suppose 4*z = -3*b - 1312, 0 = 3*z + 2*z + 20. What is the hundreds digit of (b/60 - -6)/(3/(-1930))?
7
Let i(l) = -l**3 - 6*l**2 - 6*l + 2. Let g be i(-5). Let t(s) = s**2 + 18*s + 44. Let o be t(-18). Suppose 11*u - o = g*u. What is the tens digit of u?
1
Let p = 248 + -239. Let z = 252 + -156. Let a = z - p. What is the tens digit of a?
8
Suppose 3*x = 5*s - 62, -2*x + x = 5*s - 6. Let b = 21 + x. Suppose b*a - 98 = 3*a + c, 0 = 3*a - 3*c - 78. What is the tens digit of a?
2
Let i(w) = 5*w**2 - 5*w + 19. Let l be i(6). Let t = 271 + l. What is the tens digit of t?
4
Suppose 9*u - 67206 = 126546. What is the tens digit of u?
2
Suppose -k - 6*d - 6 = -3*d, -6 = 3*d. Suppose 2*m - 31 = -5*j, 31 - 97 = -5*m - j. Suppose k = c + m*c - 56. What is the units digit of c?
4
Let c be (1 + (-514)/4)*(-720)/(-150). Let z = 1053 + c. Suppose -2*k + 11*k = z. What is the tens digit of k?
4
Suppose 678 = 5*d - 867. What is the tens digit of d?
0
Let v = -10564 - -10816. What is the units digit of v?
2
Let c(y) = -8*y - 14. Let q be c(-2). Suppose -18 = -q*x - 26. What is the units digit of (3 + 13)/((-8)/(-84)) - x?
2
Suppose 85*w - 2703 = 81*w - 999. What is the units digit of w?
6
Let x(a) be the second derivative of a**4/12 + 17*a**3/6 + 12*a**2 - 17*a. Let k be x(-24). Let y = k + -120. What is the units digit of y?
2
Let r(m) = 4*m**3 + 64*m - 3 + 3*m**2 + 0*m**3 + 5*m**3 - 10*m**3 - 6*m**2. What is the tens digit of r(6)?
5
Let c(s) be the first derivative of 1/4*s**4 + 5 + 13/3*s**3 - 8*s + s**2. What is the hundreds digit of c(-12)?
1
Let r(c) = -4*c**3 - c + 37. Let o(i) = -3*i**3 + 2*i**2 - 2*i + 37. Let p(y) = -3*o(y) + 2*r(y). What is the hundreds digit of p(8)?
1
Let o(h) = 177*h**3 - 1 + 3*h + 8*h**2 - 341*h**3 + 97*h**3. What is the units digit of o(-2)?
1
What i